{"id":67,"date":"2013-01-03T10:26:41","date_gmt":"2013-01-03T10:26:41","guid":{"rendered":"http:\/\/www.giovito.ch\/?page_id=67"},"modified":"2026-06-08T03:22:43","modified_gmt":"2026-06-08T03:22:43","slug":"media-medien","status":"publish","type":"page","link":"https:\/\/www.giovito.ch\/?page_id=67","title":{"rendered":"Media \/ Medien"},"content":{"rendered":"<p><strong>Lettura \/ Lesung\u00a0<\/strong><\/p>\n<p>Giovito:<br \/>\n<a href=\"https:\/\/www.giovito.ch\/wp-content\/uploads\/2021\/10\/Tanti-Tra\u0308ume-Viele-sogni.m4a\" rel=\"noopener\">Tanti Tra\u0308ume &#8211; Viele sogni<\/a><\/p>\n<p>Giovito &amp; Luca:<br \/>\n<a href=\"http:\/\/www.giovito.ch\/wp-content\/uploads\/2013\/01\/Piazza-Italia-19.03.2016-Tema-Aufsatz.wav\" rel=\"noopener noreferrer\">Tema &#8211; Aufsatz<\/a><\/p>\n<p>&nbsp;<\/p>\n<p><strong>Media in italiano<\/strong><\/p>\n<p>\u00abSenza radici, n\u00e9 carne n\u00e9 pesce&#8230; ma la novit\u00e0 aspetta dietro l&#8217;angolo.\u00bb<br \/>\n<a href=\"http:\/\/www.giovito.ch\/wp-content\/uploads\/2013\/01\/RaBe-30-maggio-2009-a-Piazza-Italia.mp3\" rel=\"noopener noreferrer\">Radio RaBe 30 maggio 2009 a Piazza Italia<\/a><\/p>\n<p>\u00abFrontiere linguistiche tra la prima e la seconda generazione d&#8217;italiani in Svizzera.\u00bb<br \/>\n<a href=\"http:\/\/www.giovito.ch\/wp-content\/uploads\/2013\/01\/Rete-Uno-10-giugno-2006-Giovito.mp3.mp3\" rel=\"noopener noreferrer\">Radio Svizzera Italiana Rete Uno 10 giugno 2006 a Italicit\u00e0<\/a><\/p>\n<p>&nbsp;<\/p>\n<p><strong>Medien auf Deutsch<\/strong><\/p>\n<p>\u00abDie K\u00e4mpfe der Kinder im Spannungsfeld zweier Kulturen kennenlernen &#8211; originelle Texte.\u00bb<br \/>\n\u21d2 <a href=\"http:\/\/www.giovito.ch\/wp-content\/uploads\/2013\/01\/2009-04-29-Bieler-Tagblatt.pdf\" rel=\"noopener noreferrer\">2009-04-29 Bieler Tagblatt<\/a><\/p>\n<p>\u00abDiese Angst vergisst man nie.\u00bb<br \/>\n\u21d2 <a href=\"http:\/\/www.giovito.ch\/wp-content\/uploads\/2013\/01\/2007-04-27-GrenchnerTagblatt.pdf\" rel=\"noopener noreferrer\">2007-04-27 Grenchner Tagblatt<\/a><\/p>\n<p>&nbsp;<\/p>\n<p><img loading=\"lazy\" decoding=\"async\" class=\"alignnone wp-image-59 size-medium\" src=\"https:\/\/www.giovito.ch\/wp-content\/uploads\/2013\/01\/09-11-20-VHS-entrata-300x225.jpg\" alt=\"\" width=\"300\" height=\"225\" srcset=\"https:\/\/www.giovito.ch\/wp-content\/uploads\/2013\/01\/09-11-20-VHS-entrata-300x225.jpg 300w, https:\/\/www.giovito.ch\/wp-content\/uploads\/2013\/01\/09-11-20-VHS-entrata-1024x768.jpg 1024w, https:\/\/www.giovito.ch\/wp-content\/uploads\/2013\/01\/09-11-20-VHS-entrata-400x300.jpg 400w\" sizes=\"auto, (max-width: 300px) 100vw, 300px\" \/><\/p>\n<p>Radio RaBe Bern: Piazza Italia<\/p>\n<p>Radio Rete Uno RSI<\/p>\n<p>ONO Das Kulturlokal Bern<\/p>\n<p>Chor im Breitsch in Bern<\/p>\n<p>Societ\u00e0 Dante Alighieri Thun<\/p>\n<p>Volkshochschule Bern<\/p>\n<p>Mediengewerkschaft Comedia<\/p>\n<p>Granges Melanges Grenchen<\/p>\n<p>Consolato d\u2019Italia<\/p>\n<p>Gymnasium Kirchenfeld-Bern<\/p>\n<p>Gymnasium Thun<\/p>\n<p>Liechtensteinisches Gymnasium<\/p>\n<p>Casa d\u2019Italia di Berna<\/p>\n<p>Boxen zur Bildung<\/p>\n","protected":false},"excerpt":{"rendered":"<p>Lettura \/ Lesung\u00a0 Giovito: Tanti Tra\u0308ume &#8211; Viele sogni Giovito &amp; Luca: Tema &#8211; Aufsatz &nbsp; Media in italiano \u00abSenza radici, n\u00e9 carne n\u00e9 pesce&#8230; ma la novit\u00e0 aspetta dietro l&#8217;angolo.\u00bb Radio RaBe 30 maggio 2009 a Piazza Italia \u00abFrontiere linguistiche tra la prima e la seconda generazione d&#8217;italiani in Svizzera.\u00bb Radio Svizzera Italiana Rete [&hellip;]<\/p>\n","protected":false},"author":2,"featured_media":0,"parent":0,"menu_order":0,"comment_status":"closed","ping_status":"closed","template":"","meta":{"footnotes":""},"class_list":["post-67","page","type-page","status-publish","hentry"],"_links":{"self":[{"href":"https:\/\/www.giovito.ch\/index.php?rest_route=\/wp\/v2\/pages\/67","targetHints":{"allow":["GET"]}}],"collection":[{"href":"https:\/\/www.giovito.ch\/index.php?rest_route=\/wp\/v2\/pages"}],"about":[{"href":"https:\/\/www.giovito.ch\/index.php?rest_route=\/wp\/v2\/types\/page"}],"author":[{"embeddable":true,"href":"https:\/\/www.giovito.ch\/index.php?rest_route=\/wp\/v2\/users\/2"}],"replies":[{"embeddable":true,"href":"https:\/\/www.giovito.ch\/index.php?rest_route=%2Fwp%2Fv2%2Fcomments&post=67"}],"version-history":[{"count":90,"href":"https:\/\/www.giovito.ch\/index.php?rest_route=\/wp\/v2\/pages\/67\/revisions"}],"predecessor-version":[{"id":1291,"href":"https:\/\/www.giovito.ch\/index.php?rest_route=\/wp\/v2\/pages\/67\/revisions\/1291"}],"wp:attachment":[{"href":"https:\/\/www.giovito.ch\/index.php?rest_route=%2Fwp%2Fv2%2Fmedia&parent=67"}],"curies":[{"name":"wp","href":"https:\/\/api.w.org\/{rel}","templated":true}]}}

<p><strong>Lettura / Lesung </strong></p>
<p>Giovito:<br />
<a href="https://www.giovito.ch/wp-content/uploads/2021/10/Tanti-Träume-Viele-sogni.m4a" rel="noopener">Tanti Träume &#8211; Viele sogni</a></p>
<p>Giovito &amp; Luca:<br />
<a href="http://www.giovito.ch/wp-content/uploads/2013/01/Piazza-Italia-19.03.2016-Tema-Aufsatz.wav" rel="noopener noreferrer">Tema &#8211; Aufsatz</a></p>
<p>&nbsp;</p>
<p><strong>Media in italiano</strong></p>
<p>«Senza radici, né carne né pesce&#8230; ma la novità aspetta dietro l&#8217;angolo.»<br />
<a href="http://www.giovito.ch/wp-content/uploads/2013/01/RaBe-30-maggio-2009-a-Piazza-Italia.mp3" rel="noopener noreferrer">Radio RaBe 30 maggio 2009 a Piazza Italia</a></p>
<p>«Frontiere linguistiche tra la prima e la seconda generazione d&#8217;italiani in Svizzera.»<br />
<a href="http://www.giovito.ch/wp-content/uploads/2013/01/Rete-Uno-10-giugno-2006-Giovito.mp3.mp3" rel="noopener noreferrer">Radio Svizzera Italiana Rete Uno 10 giugno 2006 a Italicità</a></p>
<p>&nbsp;</p>
<p><strong>Medien auf Deutsch</strong></p>
<p>«Die Kämpfe der Kinder im Spannungsfeld zweier Kulturen kennenlernen &#8211; originelle Texte.»<br />
⇒ <a href="http://www.giovito.ch/wp-content/uploads/2013/01/2009-04-29-Bieler-Tagblatt.pdf" rel="noopener noreferrer">2009-04-29 Bieler Tagblatt</a></p>
<p>«Diese Angst vergisst man nie.»<br />
⇒ <a href="http://www.giovito.ch/wp-content/uploads/2013/01/2007-04-27-GrenchnerTagblatt.pdf" rel="noopener noreferrer">2007-04-27 Grenchner Tagblatt</a></p>
<p>&nbsp;</p>
<p><img loading="lazy" decoding="async" class="alignnone wp-image-59 size-medium" src="https://www.giovito.ch/wp-content/uploads/2013/01/09-11-20-VHS-entrata-300x225.jpg" alt="" width="300" height="225" srcset="https://www.giovito.ch/wp-content/uploads/2013/01/09-11-20-VHS-entrata-300x225.jpg 300w, https://www.giovito.ch/wp-content/uploads/2013/01/09-11-20-VHS-entrata-1024x768.jpg 1024w, https://www.giovito.ch/wp-content/uploads/2013/01/09-11-20-VHS-entrata-400x300.jpg 400w" sizes="auto, (max-width: 300px) 100vw, 300px" /></p>
<p>Radio RaBe Bern: Piazza Italia</p>
<p>Radio Rete Uno RSI</p>
<p>ONO Das Kulturlokal Bern</p>
<p>Chor im Breitsch in Bern</p>
<p>Società Dante Alighieri Thun</p>
<p>Volkshochschule Bern</p>
<p>Mediengewerkschaft Comedia</p>
<p>Granges Melanges Grenchen</p>
<p>Consolato d’Italia</p>
<p>Gymnasium Kirchenfeld-Bern</p>
<p>Gymnasium Thun</p>
<p>Liechtensteinisches Gymnasium</p>
<p>Casa d’Italia di Berna</p>
<p>Boxen zur Bildung</p>

<p>Lettura / Lesung  Giovito: Tanti Träume &#8211; Viele sogni Giovito &amp; Luca: Tema &#8211; Aufsatz &nbsp; Media in italiano «Senza radici, né carne né pesce&#8230; ma la novità aspetta dietro l&#8217;angolo.» Radio RaBe 30 maggio 2009 a Piazza Italia «Frontiere linguistiche tra la prima e la seconda generazione d&#8217;italiani in Svizzera.» Radio Svizzera Italiana Rete [&hellip;]</p>
